
-5
What is the value of 10 + (-3 - (0 + 9 + -5))?
3
What is the value of 3 - (-7 + 4 - -4)?
2
What is -2 - (-14 + 6) - (2 + -1)?
5
What is 5 + (-7 - -2) - -4?
4
What is the value of 1 - (12 + (7 - 15))?
-3
Calculate (-21 - -18) + -4 + 1.
-6
Evaluate (-2 + 2 - (-1 + 0)) + -6.
-5
12 + -20 + -7 + 10
-5
(24 - 15) + (12 - 18)
3
(1 - ((-3 - -2) + -1)) + -3
0
Evaluate 4 + -7 + 6 + -1.
2
Calculate -7 - ((-1 - 1) + -3).
-2
(-3 - (2 + -4 + 3)) + 2
-2
Evaluate (-4 - (7 + -8)) + -1.
-4
Evaluate (-11 - -3) + 2 + 4.
-2
Evaluate -1 + 1 - (-21 - -28).
-7
What is the value of -4 - -2 - (1 - 1)?
-2
What is the value of (-5 - -10) + -4 + -2?
-1
What is the value of 1 - 4 - (-6 - (-1 - 0))?
2
What is (8 - 1) + -17 - -4?
-6
Evaluate (9 + -11 - (0 - 1)) + 0.
-1
What is the value of 1 - (-1 - (3 + -11))?
-6
3 + (-4 - (-8 + 3 - -4))
0
Evaluate -4 + 6 + -4 + 1 + 6.
5
What is (-5 - (6 + -5)) + -1 + 18?
11
What is the value of 13 + -14 + 6 - 4?
1
Evaluate -11 + 0 - (31 + -38).
-4
3 - (4 + 0 + -5)
4
What is the value of 5 + -16 - (0 + -3)?
-8
What is the value of 0 - 0 - (-4 - -6) - -2?
0
What is 4 - 1 - (18 - 14)?
-1
Evaluate 3 - (12 - 3) - -9.
3
What is -8 - (2 + -3 + -1)?
-6
What is -11 + (-4 + 6 - -5)?
-4
Evaluate -5 + 8 + (4 - 3 - -1).
5
-5 + (8 - (4 + -2))
1
Evaluate -1 - (-13 + -2) - (-161 - -167).
8
Calculate -3 - ((2 - 0) + (10 - 11)).
-4
2 - (2 + -3 - (2 - 6))
-1
Evaluate (-4 + (1 - -4) - -1) + 0.
2
Calculate 8 + (-1 + 1 - 7).
1
What is the value of -89 + 83 - (0 - 6)?
0
What is (-1 - 0) + 4 + -4 - -4?
3
6 + -3 + 0 + (3 - 2)
4
What is -10 - (-7 - -9) - -9?
-3
What is -7 - (0 - 2) - (-59 - -55)?
-1
What is the value of (17 + -12 - (1 - -1)) + -5?
-2
What is the value of (-5 - 0) + 0 + (14 - 8)?
1
What is -5 - (5 - (12 - 2)) - 0?
0
Calculate 14 + -19 + 0 + 5 + -3.
-3
Calculate -4 - -7 - (5 - -5).
-7
5 + 0 + 1 - (2 - -9)
-5
6 + -1 + 6 + -11
0
What is the value of (-3 + -6 - -12) + 2?
5
What is (7 - -4) + -7 + 0 - -2?
6
What is the value of 10 + (-7 - -1 - (-3 - -2))?
5
What is the value of (6 - -1) + -8 + -1?
-2
0 - (12 + -1 + -9)
-2
Evaluate (28 - 37) + (2 + -3 - -5).
-5
What is the value of 1 - (9 - (2 - -6)) - 6?
-6
0 + (-10 + 4 - -7)
1
Evaluate -1 - (4 + -8 - -5).
-2
Calculate 2 + -4 + (-2 - (5 - 4)).
-5
What is (-25 - -30) + 0 + 2?
7
What is 0 - (-2 - -3 - 5) - -1?
5
Evaluate (-178 - -188) + (-1 - -1).
10
(-12 - -10) + 9 + -13
-6
Calculate 4 - (2 - (-4 - -2) - 0).
0
1 + -6 + 3 + 5
3
What is -4 + (1 - 1) - -3?
-1
-3 - 0 - (6 - 4)
-5
-51 + 34 + 10 + 1
-6
-1 - (-3 + (2 - 4) + 13)
-9
What is -9 + (4 - (5 - 8)) - 3?
-5
What is the value of (-2 - -2) + -19 + 78 + -70?
-11
Evaluate -13 + -1 + -78 + 87.
-5
What is -2 - (0 - 6) - (-29 + 27)?
6
3 - (-10 + 9 + -1 + 0)
5
-3 + -1 - (66 + -68)
-2
What is (2 - -1) + 2 + -9 + 3?
-1
Calculate (-2 - (3 - 4)) + 3 + -7.
-5
Calculate -6 + -2 + (-5 - -18).
5
(0 - 0) + (33 - 10) + -23
0
What is 2 - (-2 + -3 + (2 - -4))?
1
What is -3 + -2 + 0 + 3 - -5?
3
Evaluate -23 - ((6 - -1) + -20).
-10
What is -1 + 3 - (-14 + 9 + -3)?
10
8 + -14 - (0 + 0 + -4)
-2
(-3 - (-6 + -2 - -1)) + -8
-4
-3 + (-4 - -10) + 1
4
(-6 - -12) + -6 - 1
-1
Evaluate (0 - 5 - (-2 + 0)) + 2.
-1
Evaluate 0 + -2 + 4 + 0 + 0.
2
What is (5 - 6 - 1) + 0 + 4?
2
What is the value of (5 + -2 - 2) + 6?
7
23 + -25 + (-3 - -2)
-3
0 - (-4 + 2 + 3)
-1
Evaluate 7 + 0 + -12 - (2 + -8).
1
Evaluate 19 + -23 + -1 + 1 + 8.
4
(-9 - (1 - 6)) + 4
0
-19 + 1 + 18 + -6
-6
What is the value of -2 - (3 + (2 - -1 - 5))?
-3
4 + -6 + 2 - -1
1
What is -1 - (4 - -1) - (0 + -5)?
-1
(3 - (3 - 4)) + 1 + -3
2
(-69 - -71) + -1 + -8
-7
Evaluate -1 + 6 + 6 + -12 + 7.
6
Evaluate 8 + (3 - -2) + 0 + -11.
2
What is (-1 - -4) + 2 - (53 - 49)?
1
What is the value of (10 - 10) + 0 + 3?
3
Calculate 2 + -11 + 9 - 10.
-10
1 - (1 - -8 - (7 + -5))
-6
What is the value of 1 + (-3 - 1) + 7?
4
What is the value of 6 + -6 + (1 - 5)?
-4
Calculate (-9 - -1) + (-3 - -15).
4
Calculate (9 - (14 + -8)) + (1 - -1).
5
5 + (-1 + -2 - 0 - 0)
2
Evaluate -12 - (-2 - 5) - -7.
2
What is the value of (-8 - (-13 - 7)) + -17?
-5
Calculate -146 + 151 + 1 + -5.
1
What is -10 + 8 + -5 - (1 - 3)?
-5
What is -2 + (-2 - 4) + -26 + 27?
-7
Evaluate -5 + (10 - (3 - 1)).
3
What is -8 + 2 + 25 + -27 - -5?
-3
(-4 - 3 - -8) + -7
-6
Evaluate -1 - (3 - (-4 - -7)).
-1
What is (9 - 4) + -2 + 1?
4
Calculate 2 + (-3 - (0 + 1 + -5)).
3
What is (-18 - -16) + (0 - 3) + 1?
-4
What is 1 + -1 - (4 + (-5 - -4))?
-3
Evaluate 21 + -18 + -7 + -1 + 1.
-4
What is (-1 - 3 - (-3 + 0)) + -3?
-4
(-1 - (-7 - -5)) + -8
-7
Evaluate (-1 - (-2 - -8)) + (-91 - -93).
-5
What is 10 + -6 + -6 - 3?
-5
What is 7 - (5 - 7 - 2)?
11
4 + -7 + (7 - 14 - -2)
-8
What is the value of (-4 - 1) + (-13 - -9) + 2?
-7
Evaluate 3 + -2 + (0 - -2).
3
Calculate 1 + 0 + 4 - (25 + -22).
2
What is (-5 + 17 - 5) + -4?
3
What is the value of (19 - 16 - (0 - 0)) + 4?
7
What is the value of -6 - (-3 + -1) - -4?
2
Calculate -5 + 11 + 0 + 0.
6
What is the value of 5 + 4 + -10 + 1 + 2?
2
Evaluate (19 + -11 - 2) + -9.
-3
What is the value of 1 - -12 - (26 - 18)?
5
Calculate 3 - ((0 - -4) + 1).
-2
Calculate 4 + -6 + 4 + 2.
4
(-1 + 0 - 0) + (-11 - -13)
1
What is 0 + (12 - (8 + 6))?
-2
What is (-2 - -4) + (-2 - -2)?
2
3 - -5 - (-4 - -6)
6
-4 + (-5 - -4) - -1
-4
Evaluate -1 - 0 - (20 - 25).
4
What is (11 - (6 + -1)) + -5?
1
What is (8 - -1) + (-8 - -8 - 4)?
5
What is the value of -10 + 0 + (-79 - -82)?
-7
Evaluate 0 - 0 - (-8 + 18 + -5).
-5
What is the value of 13 + (11 - (13 + 19))?
-8
Evaluate 6 + -1 + (19 - (46 - 18)).
-4
What is the value of -2 + -2 - (1 - 3)?
-2
What is the value of (-2 - -3) + -1 - (-3 + 4)?
-1
What is -1 - (-3 - -1) - (12 - 8)?
-3
(4 - (-2 + 3 + 3)) + 0
0
Evaluate 24 + -2 + -11 + -19.
-8
What is the value of -7 - (-3 - (-5 + 7))?
-2
What is the value of -5 - (0 - (2 + 2))?
-1
Evaluate -10 + (6 - 0) + -2.
-6
3 + -7 + 5 + 5 + -7
-1
What is the value of (1 + (-3 - -4) - 0) + 2?
4
Calculate 1 - (-1 + (3 - -4)).
-5
What is the value of 12 - (15 + 0 + -5)?
2
Evaluate 5 + 1 + -5 + 0.
1
What is the value of 9 + (9 + -5 - 24)?
-11
What is (3 - 1) + 3 - (-1 - -1)?
5
What is (3 + -8 - 2) + 0?
-7
(0 - 5) + 3 + (0 - -7)
5
Evaluate (20 + -18 - (-1 + 9)) + 3.
-3
What is the value of 6 + -4 + (-2 - 4)?
-4
What is (2 - (-5 + 15)) + 5?
-3
Evaluate 10 + -20 + 13 - (1 - -8).
-6
5 - (-1 + 0 + 1)
5
-5 + 5 + -2 - 2
-4
What is the value of -8 + 8 - -1 - 0?
1
Evaluate 6 - 5 - (11 + (-6 - -1)).
-5
-2 + (2 - -4 - 0)
4
What is the value of -3 + -1 - (7 + -4)?
-7
What is the value of -2 + 11 + -11 + 5?
3
Evaluate -1 + -4 + (-1 - -3 - 0).
-3
Evaluate 1 + -2 + 4 + -7 + 2.
-2
What is 8 + (0 - -11) + -24?
-5
Evaluate 0 + (8 - (6 - 1) - 6).
-3
What is -2 - (0 - 1) - -1?
0
79 + -73 - (10 - -1)
-5
What is 0 - -1 - (5 + -12 + 10)?
-2
What is the value of (2 - 5 - -6) + -5?
-2
Calculate 4 + (4 + 0 - (7 + 2)).
-1
44 + -40 - (5 - 1 - -1)
-1
What is the value of 1 + -4 - -7 - 3?
1
-5 + 1 + (9 - 1)
4
What is (2 - 10) + (7 - -4)?
3
Calculate 9 - (7 + -5) - 3.
4
What is the value of (8 - (-1 + (-8 - -13))) + 3?
7
Calculate -3 - (-5 - (3 + -3)).
2
Evaluate 7 + 5 + -21 - -10.
1
What is -1 + (-1 - (6 + -4))?
-4
What is (13 - 13) + (-4 - -1)?
-3
Evaluate (44 - 40) + (1 - -1).
6
Evaluate (-4 - (7 - 13)) + -3 + 2.
1
Calculate 5 + -2 + -2 + -5.
-4
Evaluate (-20 - -18) + 0 + -1 + 3.
0
What is (8 - -2) + -17 + -4 + 6?
-5
What is the value of 8 - (4 + -2) - 1?
5
Calculate 1 + 5 + -7 + 3.
2
What is the value of 10 + 4 + 1 + (18 - 22)?
11
Evaluate 2 + (6 - 4) + -5.
-1
What is the value of -2 + 11 - 4 - (-4 - -4)?
5
5 + (3 - 4) + 1
5
4 + (-8 + 1 - -4 - -2)
3
What is 4 + 9 + (-1 - 10)?
2
What is the value of 8 + (-3 - ((8 - 3) + -9))?
9
Calculate (6 + -7 - 0) + -4.
-5
Evaluate -4 - (-16 - (-12 + 2 + 6)).
8
(1 - (0 - 0)) + 18 + -20
-1
0 + 1 + -8 + 4
-3
What is the value of -13 - (8 - -4) - -14?
-11
Evaluate -3 + (4 - 0) + 2.
3
What is the value of -14 - -9 - (-2 - -2)?
-5
Evaluate -1 + (1 - -5 - 4) + 1.
2
What is the value of -1 + -9 + 13 + -13?
-10
What is the value of -5 + 5 - 5 - -4?
-1
Evaluate -9 + -2 - (-2 - 3).
-6
What is (10 - -5 - 5) + -10?
0
What is the value of -23 - -24 - (2 + -2)?
1
Calculate (-6 - 1) + (-23 - -11) + 25.
6
What is -13 + 9 + (0 - 0) + 2?
-2
Evaluate (4 - -1) + -8 - (0 - -1).
-4
What is (11 - 5 - 13) + (8 - -1)?
2
